{"id":89,"date":"2020-08-21T09:10:29","date_gmt":"2020-08-21T09:10:29","guid":{"rendered":"https:\/\/engweg.nl\/?page_id=89"},"modified":"2020-08-21T09:10:30","modified_gmt":"2020-08-21T09:10:30","slug":"andere-websites","status":"publish","type":"page","link":"https:\/\/engweg.nl\/?page_id=89","title":{"rendered":"Andere websites"},"content":{"rendered":"\n<p>Links naar andere websites over mondhygi\u00ebne:<\/p>\n\n\n\n<p><strong><a rel=\"noreferrer noopener\" href=\"http:\/\/www.mondhygienisten.nl\/\" target=\"_blank\">Nederlandse Vereniging voor Mondhygi\u00ebnisten<\/a><\/strong><\/p>\n\n\n\n<p><strong><a rel=\"noreferrer noopener\" href=\"http:\/\/www.kwaliteitsregistermondhygienisten.nl\" target=\"_blank\">KwaliteitsRegister Mondhygi\u00ebnisten<\/a><\/strong><\/p>\n\n\n\n<p><strong><a rel=\"noreferrer noopener\" href=\"http:\/\/www.ivorenkruis.nl\/\" target=\"_blank\">Ivoren kruis<\/a><\/strong><\/p>\n\n\n\n<p><strong><a rel=\"noreferrer noopener\" href=\"http:\/\/www.allesoverhetgebit.nl\/\" target=\"_blank\">Alles over het gebit.nl<\/a><\/strong><\/p>\n\n\n\n<p><strong><a rel=\"noreferrer noopener\" href=\"http:\/\/www.tandartsplein.nl\/\" target=\"_blank\">Tandartsplein.nl<\/a><\/strong><\/p>\n","protected":false},"excerpt":{"rendered":"<p>Links naar andere websites over mondhygi\u00ebne: Nederlandse Vereniging voor Mondhygi\u00ebnisten KwaliteitsRegister Mondhygi\u00ebnisten Ivoren kruis Alles over het gebit.nl Tandartsplein.nl<\/p>\n","protected":false},"author":1,"featured_media":0,"parent":0,"menu_order":0,"comment_status":"closed","ping_status":"closed","template":"","meta":{"footnotes":""},"class_list":["post-89","page","type-page","status-publish","hentry"],"jetpack_sharing_enabled":true,"_links":{"self":[{"href":"https:\/\/engweg.nl\/index.php?rest_route=\/wp\/v2\/pages\/89","targetHints":{"allow":["GET"]}}],"collection":[{"href":"https:\/\/engweg.nl\/index.php?rest_route=\/wp\/v2\/pages"}],"about":[{"href":"https:\/\/engweg.nl\/index.php?rest_route=\/wp\/v2\/types\/page"}],"author":[{"embeddable":true,"href":"https:\/\/engweg.nl\/index.php?rest_route=\/wp\/v2\/users\/1"}],"replies":[{"embeddable":true,"href":"https:\/\/engweg.nl\/index.php?rest_route=%2Fwp%2Fv2%2Fcomments&post=89"}],"version-history":[{"count":1,"href":"https:\/\/engweg.nl\/index.php?rest_route=\/wp\/v2\/pages\/89\/revisions"}],"predecessor-version":[{"id":90,"href":"https:\/\/engweg.nl\/index.php?rest_route=\/wp\/v2\/pages\/89\/revisions\/90"}],"wp:attachment":[{"href":"https:\/\/engweg.nl\/index.php?rest_route=%2Fwp%2Fv2%2Fmedia&parent=89"}],"curies":[{"name":"wp","href":"https:\/\/api.w.org\/{rel}","templated":true}]}}